{"id":16689,"date":"2023-01-11T07:21:35","date_gmt":"2023-01-11T07:21:35","guid":{"rendered":"https:\/\/www.cultidelta.com\/politica-privacidad\/"},"modified":"2023-03-24T10:44:55","modified_gmt":"2023-03-24T10:44:55","slug":"politica-privacidad","status":"publish","type":"page","link":"https:\/\/www.cultidelta.com\/ca\/politica-privacidad\/","title":{"rendered":"Pol\u00edtica de privadesa"},"content":{"rendered":"\n<ol class=\"wp-block-list\">\n<li>INFORMACI\u00d3 per a l\u2019 UTILITZADOR<\/li>\n<\/ol>\n\n\n\n<p>Qui \u00e9s el responsable del tractament de les vostres dades personals?<\/p>\n\n\n\n<p>La CULTIDELTA SL \u00e9s responsable del tractament de les dades personals de l&#8217;usuari i informa que aquestes dades seran processades d&#8217;acord amb el Reglament (UE) 2016\/679 del 27 d&#8217;abril (GDPR) i la Llei org\u00e0nica 3\/2018 del 5 de desembre (LOPDGDD).<\/p>\n\n\n\n<p>Per qu\u00e8 processem les vostres dades personals?<\/p>\n\n\n\n<p>Per mantenir una relaci\u00f3 comercial amb lusuari. Les operacions planificades per realitzar el processament s\u00f3n:<\/p>\n\n\n\n<p>Transmissi\u00f3 de comunicacions publicit\u00e0ries comercials per correu electr\u00f2nic, fax, SMS, MMS, xarxes socials o qualsevol altre mitj\u00e0 electr\u00f2nic o f\u00edsic, present o futur, que permet fer comunicacions comercials. Aquestes comunicacions seran fetes per la persona responsable i seran relacionades amb els seus productes i serveis, o amb els seus col\u00b7laboradors o prove\u00efdors, amb els quals ha signat un acord de promoci\u00f3. En aquest cas, els tercers mai tindran acc\u00e9s a dades personals.<\/p>\n\n\n\n<p>Realitza estudis de mercat i an\u00e0lisis estad\u00edstiques.<\/p>\n\n\n\n<p>Tases de processament, peticions, resposta a les consultes o qualsevol tipus de petici\u00f3 que l&#8217;usuari faci mitjan\u00e7ant qualsevol de les formes de contacte que l&#8217;usuari pugui contactar al lloc web de la persona responsable.<\/p>\n\n\n\n<p>Envia el butllet\u00ed online, a les not\u00edcies, ofertes i promocions a la nostra activitat.<\/p>\n\n\n\n<p>Per qu\u00e8 podem processar les vostres dades personals?<\/p>\n\n\n\n<p>Perqu\u00e8 el tractament est\u00e0 justificat per larticle 6 del GDPR de la manera que segueix:<\/p>\n\n\n\n<p>Amb l\u2019ajuda de l\u2019Utilitzador: consulta de les comunicacions comercials i el butllet\u00ed.<\/p>\n\n\n\n<p>A l\u2019inter\u00e8s legitim de l\u2019autoritat de fabricaci\u00f3: realitzar estudis de mercat, an\u00e0lisis estad\u00edstiques, etc., i c\u00e0rrecs de proc\u00e9s, aplicacions, etc., a la petici\u00f3 de l\u2019usuari.<\/p>\n\n\n\n<p>Quant de temps tindrem les vostres dades personals?<\/p>\n\n\n\n<p>Es conservaran durant no m\u00e9s temps del necessari per mantenir la fi del tractament o hi hagi prescripcions legals que dictaminin la seva cust\u00f2dia i quan ja no sigui necessari, se suprimiran amb mesures de seguretat adequades per garantir l&#8217;anonimitzaci\u00f3 de les dades o la destrucci\u00f3 total de els mateixos.<\/p>\n\n\n\n<p>Per quin motiu podem tractar les dades personals?<\/p>\n\n\n\n<p>Perqu\u00e8 el tractament est\u00e0 legitimat per l&#8217;article 6 del GDPR de la manera seg\u00fcent:<\/p>\n\n\n\n<p>Amb el consentiment de l&#8217;USUARI: tramesa de comunicacions comercials i del butllet\u00ed informatiu.<\/p>\n\n\n\n<p>Per inter\u00e8s leg\u00edtim del RESPONSABLE: realitzar estudis de mercat, an\u00e0lisis estad\u00edstiques, etc. i tramitar enc\u00e0rrecs, sol\u00b7licituds, etc. a petici\u00f3 de l&#8217;USUARI.<\/p>\n\n\n\n<p>Durant quant de temps guardarem les teves dades personals?<\/p>\n\n\n\n<p>Es conservaran durant no m\u00e9s temps del necessari per mantenir la fi del tractament o hi hagi prescripcions legals que dictaminin la seva cust\u00f2dia i quan ja no sigui necessari, se suprimiran amb mesures de seguretat adequades per garantir l&#8217;anonimitzaci\u00f3 de les dades o la destrucci\u00f3 total de els mateixos.<\/p>\n\n\n\n<p>A qui facilitem les teves dades personals?<\/p>\n\n\n\n<p>No est\u00e0 prevista cap comunicaci\u00f3 de dades personals a tercers llevat, si fos necessari per al desenvolupament i execuci\u00f3 de les finalitats del tractament, als nostres prove\u00efdors de serveis relacionats amb comunicacions, amb els quals el RESPONSABLE t\u00e9 subscrits els contractes de confidencialitat i encarregat de tractament exigits per la normativa vigent de privadesa.<\/p>\n\n\n\n<p>Quins s\u00f3n els teus drets?<\/p>\n\n\n\n<p>Els drets que assisteixen a l&#8217;USUARI s\u00f3n:<\/p>\n\n\n\n<p>Dret a retirar el consentiment en qualsevol moment.<\/p>\n\n\n\n<p>Dret d&#8217;acc\u00e9s, rectificaci\u00f3, portabilitat i supressi\u00f3 de les vostres dades, i de limitaci\u00f3 o oposici\u00f3 al tractament.<\/p>\n\n\n\n<p>Dret a presentar una reclamaci\u00f3 davant de l&#8217;autoritat de control (www.aepd.es) si considera que el tractament no s&#8217;ajusta a la normativa vigent.<\/p>\n\n\n\n<p>Dades de contacte per exercir els seus drets:<\/p>\n\n\n\n<p>CULTIDELTA SL. C\/ Goya, 42 &#8211; 43870 AMPOSTA (Tarragona). E-mail:&nbsp;info@cultidelta.com<\/p>\n\n\n\n<ol class=\"wp-block-list\" start=\"2\">\n<li>CAR\u00c0CTER OBLIGATORI O FACULTATIU DE LA INFORMACI\u00d3 FACILITADA PER L&#8217;USUARI<\/li>\n<\/ol>\n\n\n\n<p>Els USUARIS, mitjan\u00e7ant la marcaci\u00f3 de les caselles corresponents i l&#8217;entrada de dades als camps, marcats amb un asterisc (*) al formulari de contacte o presentats en formularis de desc\u00e0rrega, accepten expressament i de forma lliure i inequ\u00edvoca, que les seves dades s\u00f3n necessaris per atendre la seva petici\u00f3, per part del prestador, i \u00e9s volunt\u00e0ria la inclusi\u00f3 de dades en els camps restants. L&#8217;USUARI garanteix que les dades personals facilitades al RESPONSABLE s\u00f3n veraces i es fa responsable de comunicar-ne qualsevol modificaci\u00f3.<\/p>\n\n\n\n<p>El RESPONSABLE informa que totes les dades sol\u00b7licitades a trav\u00e9s del lloc web s\u00f3n obligat\u00f2ries, ja que s\u00f3n necess\u00e0ries per a la prestaci\u00f3 d&#8217;un servei \u00f2ptim a l&#8217;USUARI. En cas que no es facilitin totes les dades, no es garanteix que la informaci\u00f3 i els serveis facilitats siguin completament ajustats a les seves necessitats.<\/p>\n\n\n\n<ol class=\"wp-block-list\" start=\"3\">\n<li>MESURES DE SEGURETAT<\/li>\n<\/ol>\n\n\n\n<p>Que de conformitat amb el que disposen les normatives vigents en protecci\u00f3 de dades personals, el RESPONSABLE est\u00e0 complint amb totes les disposicions de les normatives GDPR i LOPDGDD per al tractament de les dades personals de la seva responsabilitat, i manifestament amb els principis descrits a l&#8217;article 5 del GDPR, pels quals s\u00f3n tractats de manera l\u00edcita, lleial i transparent en relaci\u00f3 amb l&#8217;interessat i adequats, pertinents i limitats a all\u00f2 necessari en relaci\u00f3 amb els fins per als quals s\u00f3n tractats.<\/p>\n\n\n\n<p>El RESPONSABLE garanteix que ha implementat pol\u00edtiques t\u00e8cniques i organitzatives apropiades per aplicar les mesures de seguretat que estableixen el GDPR i la LOPDGDD per tal de protegir els drets i les llibertats dels USUARIS i els ha comunicat la informaci\u00f3 adequada perqu\u00e8 puguin exercir-los.<\/p>\n\n\n\n<p>Per a m\u00e9s informaci\u00f3 sobre les garanties de privadesa, pots adre\u00e7ar-te al RESPONSABLE a trav\u00e9s de CULTIDELTA SL. C\/ Goya, 42 &#8211; 43870 AMPOSTA (Tarragona). E-mail:\u00a0info@cultidelta.com<\/p>\n","protected":false},"excerpt":{"rendered":"<p>Qui \u00e9s el responsable del tractament de les vostres dades personals? La CULTIDELTA SL \u00e9s responsable del tractament de les dades personals de l&#8217;usuari i informa que aquestes dades seran processades d&#8217;acord amb el Reglament (UE) 2016\/679 del 27 d&#8217;abril (GDPR) i la Llei org\u00e0nica 3\/2018 del 5 de desembre (LOPDGDD). Per qu\u00e8 processem les [&hellip;]<\/p>\n","protected":false},"author":1,"featured_media":0,"parent":0,"menu_order":0,"comment_status":"closed","ping_status":"closed","template":"","meta":{"_acf_changed":false,"om_disable_all_campaigns":false,"_monsterinsights_skip_tracking":false,"_monsterinsights_sitenote_active":false,"_monsterinsights_sitenote_note":"","_monsterinsights_sitenote_category":0,"footnotes":""},"class_list":["post-16689","page","type-page","status-publish","hentry"],"acf":[],"aioseo_notices":[],"_links":{"self":[{"href":"https:\/\/www.cultidelta.com\/ca\/wp-json\/wp\/v2\/pages\/16689","targetHints":{"allow":["GET"]}}],"collection":[{"href":"https:\/\/www.cultidelta.com\/ca\/wp-json\/wp\/v2\/pages"}],"about":[{"href":"https:\/\/www.cultidelta.com\/ca\/wp-json\/wp\/v2\/types\/page"}],"author":[{"embeddable":true,"href":"https:\/\/www.cultidelta.com\/ca\/wp-json\/wp\/v2\/users\/1"}],"replies":[{"embeddable":true,"href":"https:\/\/www.cultidelta.com\/ca\/wp-json\/wp\/v2\/comments?post=16689"}],"version-history":[{"count":1,"href":"https:\/\/www.cultidelta.com\/ca\/wp-json\/wp\/v2\/pages\/16689\/revisions"}],"predecessor-version":[{"id":16694,"href":"https:\/\/www.cultidelta.com\/ca\/wp-json\/wp\/v2\/pages\/16689\/revisions\/16694"}],"wp:attachment":[{"href":"https:\/\/www.cultidelta.com\/ca\/wp-json\/wp\/v2\/media?parent=16689"}],"curies":[{"name":"wp","href":"https:\/\/api.w.org\/{rel}","templated":true}]}}

Política de privadesa

<ol class="wp-block-list">
<li>INFORMACIÓ per a l’ UTILITZADOR</li>
</ol>



<p>Qui és el responsable del tractament de les vostres dades personals?</p>



<p>La CULTIDELTA SL és responsable del tractament de les dades personals de l&#8217;usuari i informa que aquestes dades seran processades d&#8217;acord amb el Reglament (UE) 2016/679 del 27 d&#8217;abril (GDPR) i la Llei orgànica 3/2018 del 5 de desembre (LOPDGDD).</p>



<p>Per què processem les vostres dades personals?</p>



<p>Per mantenir una relació comercial amb lusuari. Les operacions planificades per realitzar el processament són:</p>



<p>Transmissió de comunicacions publicitàries comercials per correu electrònic, fax, SMS, MMS, xarxes socials o qualsevol altre mitjà electrònic o físic, present o futur, que permet fer comunicacions comercials. Aquestes comunicacions seran fetes per la persona responsable i seran relacionades amb els seus productes i serveis, o amb els seus col·laboradors o proveïdors, amb els quals ha signat un acord de promoció. En aquest cas, els tercers mai tindran accés a dades personals.</p>



<p>Realitza estudis de mercat i anàlisis estadístiques.</p>



<p>Tases de processament, peticions, resposta a les consultes o qualsevol tipus de petició que l&#8217;usuari faci mitjançant qualsevol de les formes de contacte que l&#8217;usuari pugui contactar al lloc web de la persona responsable.</p>



<p>Envia el butlletí online, a les notícies, ofertes i promocions a la nostra activitat.</p>



<p>Per què podem processar les vostres dades personals?</p>



<p>Perquè el tractament està justificat per larticle 6 del GDPR de la manera que segueix:</p>



<p>Amb l’ajuda de l’Utilitzador: consulta de les comunicacions comercials i el butlletí.</p>



<p>A l’interès legitim de l’autoritat de fabricació: realitzar estudis de mercat, anàlisis estadístiques, etc., i càrrecs de procés, aplicacions, etc., a la petició de l’usuari.</p>



<p>Quant de temps tindrem les vostres dades personals?</p>



<p>Es conservaran durant no més temps del necessari per mantenir la fi del tractament o hi hagi prescripcions legals que dictaminin la seva custòdia i quan ja no sigui necessari, se suprimiran amb mesures de seguretat adequades per garantir l&#8217;anonimització de les dades o la destrucció total de els mateixos.</p>



<p>Per quin motiu podem tractar les dades personals?</p>



<p>Perquè el tractament està legitimat per l&#8217;article 6 del GDPR de la manera següent:</p>



<p>Amb el consentiment de l&#8217;USUARI: tramesa de comunicacions comercials i del butlletí informatiu.</p>



<p>Per interès legítim del RESPONSABLE: realitzar estudis de mercat, anàlisis estadístiques, etc. i tramitar encàrrecs, sol·licituds, etc. a petició de l&#8217;USUARI.</p>



<p>Durant quant de temps guardarem les teves dades personals?</p>



<p>Es conservaran durant no més temps del necessari per mantenir la fi del tractament o hi hagi prescripcions legals que dictaminin la seva custòdia i quan ja no sigui necessari, se suprimiran amb mesures de seguretat adequades per garantir l&#8217;anonimització de les dades o la destrucció total de els mateixos.</p>



<p>A qui facilitem les teves dades personals?</p>



<p>No està prevista cap comunicació de dades personals a tercers llevat, si fos necessari per al desenvolupament i execució de les finalitats del tractament, als nostres proveïdors de serveis relacionats amb comunicacions, amb els quals el RESPONSABLE té subscrits els contractes de confidencialitat i encarregat de tractament exigits per la normativa vigent de privadesa.</p>



<p>Quins són els teus drets?</p>



<p>Els drets que assisteixen a l&#8217;USUARI són:</p>



<p>Dret a retirar el consentiment en qualsevol moment.</p>



<p>Dret d&#8217;accés, rectificació, portabilitat i supressió de les vostres dades, i de limitació o oposició al tractament.</p>



<p>Dret a presentar una reclamació davant de l&#8217;autoritat de control (www.aepd.es) si considera que el tractament no s&#8217;ajusta a la normativa vigent.</p>



<p>Dades de contacte per exercir els seus drets:</p>



<p>CULTIDELTA SL. C/ Goya, 42 &#8211; 43870 AMPOSTA (Tarragona). E-mail:&nbsp;info@cultidelta.com</p>



<ol class="wp-block-list" start="2">
<li>CARÀCTER OBLIGATORI O FACULTATIU DE LA INFORMACIÓ FACILITADA PER L&#8217;USUARI</li>
</ol>



<p>Els USUARIS, mitjançant la marcació de les caselles corresponents i l&#8217;entrada de dades als camps, marcats amb un asterisc (*) al formulari de contacte o presentats en formularis de descàrrega, accepten expressament i de forma lliure i inequívoca, que les seves dades són necessaris per atendre la seva petició, per part del prestador, i és voluntària la inclusió de dades en els camps restants. L&#8217;USUARI garanteix que les dades personals facilitades al RESPONSABLE són veraces i es fa responsable de comunicar-ne qualsevol modificació.</p>



<p>El RESPONSABLE informa que totes les dades sol·licitades a través del lloc web són obligatòries, ja que són necessàries per a la prestació d&#8217;un servei òptim a l&#8217;USUARI. En cas que no es facilitin totes les dades, no es garanteix que la informació i els serveis facilitats siguin completament ajustats a les seves necessitats.</p>



<ol class="wp-block-list" start="3">
<li>MESURES DE SEGURETAT</li>
</ol>



<p>Que de conformitat amb el que disposen les normatives vigents en protecció de dades personals, el RESPONSABLE està complint amb totes les disposicions de les normatives GDPR i LOPDGDD per al tractament de les dades personals de la seva responsabilitat, i manifestament amb els principis descrits a l&#8217;article 5 del GDPR, pels quals són tractats de manera lícita, lleial i transparent en relació amb l&#8217;interessat i adequats, pertinents i limitats a allò necessari en relació amb els fins per als quals són tractats.</p>



<p>El RESPONSABLE garanteix que ha implementat polítiques tècniques i organitzatives apropiades per aplicar les mesures de seguretat que estableixen el GDPR i la LOPDGDD per tal de protegir els drets i les llibertats dels USUARIS i els ha comunicat la informació adequada perquè puguin exercir-los.</p>



<p>Per a més informació sobre les garanties de privadesa, pots adreçar-te al RESPONSABLE a través de CULTIDELTA SL. C/ Goya, 42 &#8211; 43870 AMPOSTA (Tarragona). E-mail: info@cultidelta.com</p>

<p>Qui és el responsable del tractament de les vostres dades personals? La CULTIDELTA SL és responsable del tractament de les dades personals de l&#8217;usuari i informa que aquestes dades seran processades d&#8217;acord amb el Reglament (UE) 2016/679 del 27 d&#8217;abril (GDPR) i la Llei orgànica 3/2018 del 5 de desembre (LOPDGDD). Per què processem les [&hellip;]</p>
